6 - (-4 - -1) - (-146 - -152).
13
What is -227 - -232 - (-2 - -1)?
6
(0 - (5 + 4)) + 0 + (27 - 15)
3
What is -6 - -14 - (-5 + 13)?
0
What is the value of (-1 - 10) + 18 - (-1 - (-9 + 5))?
4
14 - (15 + (-17 - -11))
5
-3 + (-10 - -14) + (-4 - (9 + 8))
-20
What is the value of (15 - -1) + (-9 - 5)?
2
-22 + 25 + 2 + 5
10
What is the value of -1 + 9 - (-3 - (8 - 5))?
14
Calculate -2 + 24 + 112 + -140.
-6
What is (1 - 4) + (6 - (16 - 15)) + 10?
12
What is 3 - 3 - (-12 - -6) - (-3 + 7)?
2
3 + -3 + -8 + 0 + 19
11
Calculate -15 - (-4 - -8) - -30.
11
Evaluate (-3 + -3 - (-2 + 3)) + -1 + 0.
-8
What is the value of (-6 - 0) + 9 - (0 + -2)?
5
Calculate (3 - 3) + (-3 - -4 - (21 + -3)).
-17
Evaluate -2364 + 2373 + 17 + -2 + 1.
25
(-5 - (-6 - (-3 - -2))) + 0 + -13
-13
Evaluate -2 + -36 + 291 + -267.
-14
Calculate (-43 - 0) + (2004 - 1977).
-16
3 + (22 - 14 - 23)
-12
Evaluate 14 + (7 + -19 - -8).
10
What is -6 - 6 - (5 + 1 + -3)?
-15
Calculate (8 - -36) + (-10 - 15).
19
Calculate (-15 + 60 - 36) + (1 - 7).
3
Calculate (-985 - -974) + (1 - (-1 - -2)) + -8.
-19
What is the value of 17 + 0 - (6 + (-1 - (3 - 5)))?
10
What is -32 + 39 - -1 - (-2 + 12)?
-2
What is 1 - (2 + -1 - (-12 - -15) - -13)?
-10
Calculate 156 - 159 - ((-2 - 0) + 0 - 8).
7
Calculate 23 + 29 + (-39 - -5).
18
679 + -706 - ((-11 - -2 - -3) + 2)
-23
What is the value of 36 + -7 - (6 + 5)?
18
-18 - 2 - (48 - 16 - 80)
28
-10 - (-7 + (-13 - -15) + 2 + 1)
-8
Evaluate 171 + -150 - (0 + 16).
5
What is the value of 8 - (6 - (15 + -3) - (6 - 30))?
-10
-13 - 8 - (3 + -6 + 4 + -5)
-17
What is the value of -11 + (-20 - -5) + 9?
-17
What is (-14 - -1 - 0) + (-41 - -22 - -22)?
-10
What is 1 + 3 + (23 - 18) + -14?
-5
-6 - (-2 + 1 - ((30 - 3) + -14))
8
What is (0 + -5 - -5) + 0 + -9?
-9
Evaluate (1 - -1) + 3 + -6 + 156 + -131.
24
What is the value of -5 - (-3 + -18 + 10 + 8)?
-2
Calculate 11 + (33 - (75 - 39)).
8
What is -7 - -13 - 3 - (0 + 3) - -1?
1
What is the value of 15 - ((-8 - (0 + -7)) + 27)?
-11
What is 1 + -7 + (-6 - (10 - 10))?
-12
Evaluate 15 + (-20 + 26 - 18) - (-1 + -20).
24
6 + -3 + -6 + -12 + 8
-7
What is (-1 + 0 + 28 - 14) + -21?
-8
-1 - (0 + 21) - (167 + -166)
-23
What is the value of 23 + -24 - (8 - -1)?
-10
Calculate 17 + -11 + 16 + -10.
12
What is 14 - (2 + (-2 - -4) + 96 + -103)?
17
Calculate (2 + 4 - (-27 - -29)) + -7.
-3
Calculate -9 - (6 - -6 - 25).
4
What is the value of 21 + (-3 - (33 - 22))?
7
What is 1 - (-5 + 2 + -2 + (8 - -14))?
-16
-35 - -25 - -12 - -22
24
What is the value of -79 - -78 - (6 + -19)?
12
What is the value of 2 + (1 - 8) + -2 + (5 - -2)?
0
What is the value of (-29 + 26 + -16 - -22) + -14?
-11
What is the value of 6 - (-3 + (-8 - 2 - -5))?
14
Calculate 0 + -37 + 8 + 22 + -25.
-32
What is the value of 13 + -9 + (8 - -1) + -1?
12
Calculate (64 - 40) + -52 + 8 + 1.
-19
What is 6 + -4 - 1 - (-6 + -9)?
16
7 + 9 + (-17 - -26)
25
8 - (19 + 31 + -16 + -8)
-18
Calculate (16 - 6) + -18 - -4.
-4
What is the value of -9 - -2 - ((-27 - -19) + -3 + 18)?
-14
What is 9 + (-19 + 15 - -8) + 4?
17
Calculate -1 - 2 - ((4 + 5 - 13) + 2).
-1
Calculate 31 + (43 + -31 - (4 + 21)).
18
Calculate -6 - (29 + -22 - (-1 - -9)).
-5
-22 - (-43 - (-48 - -38))
11
Calculate -11 - (-13 + 3) - (-2 - 2) - 7.
-4
What is the value of -14 + -5 + 18 + 2 + -7 + -5?
-11
Evaluate 158 + -149 + -1 + (1 - (-1 + 0)).
10
What is the value of -6 - (-11 - -2 - (-7 - -3))?
-1
-11 + (-5 - -12) - -3
-1
What is 9 + (-14 + 11 - 5)?
1
What is the value of (2 - 2) + -7 + 3 + 15 + -5?
6
What is the value of 16 - (-33 - (-8 - 21))?
20
What is the value of -8 + -1 + -19 - -16?
-12
What is the value of -40 + 32 + 6 + -2 + (16 - 3)?
9
What is the value of -1 - -7 - (74 + -69 - (-10 + 0))?
-9
Evaluate -1 + (-14 - -4) + (-12 - -32).
9
Calculate -2 + -1 - (7 + -1 + (20 - 25)).
-4
-3 + (6 - (5 - 9)) - (-12 + 19)
0
Evaluate 8 + 8 + 0 + 2 - -3 - 11.
10
Calculate (-28 - (-19 - -30)) + 17.
-22
What is -14 + 13 + 34 + -9 + -1?
23
Calculate -32 - 1 - (1990 + -2029).
6
(1 - 3) + -10 - (15 - 13)
-14
(4 - 0) + (-7 - (3 - (13 - 2)))
5
What is -10 - -1 - (3 - ((12 - -12) + 2))?
14
What is 31 + 2 + 32 + -31 + -8?
26
What is the value of 17 - (-5 - (-11 + -2)) - -5?
14
What is the value of 8 - (15 - (4 + 4)) - 19?
-18
Evaluate 0 + 2 - 4 - -1 - (-8 + 2).
5
Calculate (2 - -11) + -31 - -35.
17
What is the value of -286 + 275 + 1 + (2 - 4) + 2?
-10
Evaluate 3 - (-9 + 11 + -7 - 2).
10
Evaluate (0 - -53) + (280 - 299).
34
Evaluate 0 + -1 + 2 + -12 + (16 - 6).
-1
Evaluate (9 - 11) + 11 + 16 + -54.
-29
-11 + (33 - (-27 - -62))
-13
Evaluate (0 - 7) + (4 - 13 - (2 - 10)).
-8
What is (4 - 2) + 5 + (-9 - -4) + 9?
11
What is the value of (0 - 1) + 1 + (7 - -8) + -11?
4
(21 - (-19 + 37)) + -1 + -5 - 5
-8
Calculate (-2 + (-14 - -9) - (-13 + 5)) + 4.
5
Evaluate 12 + -22 - -9 - -1.
0
What is 20 - (29 + 31 - 20)?
-20
Calculate -8 - (-4 - (0 - -18 - 7)).
7
-45 - (-19 + 4) - -29
-1
What is -16 + (-2 - -25) + -28?
-21
What is 2 + -3 + -2 + 2 - (-64 + 67)?
-4
Evaluate 2 + -7 + -4 + 8 + (-4 - 2).
-7
What is (-13 + -10 - -7) + 21?
5
24 + (-11 - 1 - (8 - 20))
24
What is (12 - 21 - 16) + (1 - -4) + 10?
-10
What is -16 - -38 - 3 - 10?
9
32 - (1 + (6 - -8))
17
Calculate 7 - (3 + (-17 - (-13 - -5)) + -2).
15
Calculate 11 + -4 - (6 + (14 - 6)).
-7
Evaluate (-20 - -3) + (54 - 26 - 6).
5
Evaluate 4 + 9 + -30 + 11.
-6
-6 + 6 + (-7 - (1 - 9)) + 9
10
Calculate 6 + -10 + 8 + (2 - -6 - 4).
8
-3 + 42 + 1 + 4 + (5 - 16)
33
4 + 11 + (-44 - -37)
8
(2 + 5 - 7 - 9 - -7) + -4
-6
Evaluate -1 + 0 - -3 - (-144 + 68 + 64).
14
What is the value of (6 + -20 - (0 + -1)) + 24?
11
Evaluate 7 - (-22 - (-15 - (-25 - -18))).
21
Calculate (-3 + -1 - (1 - 4)) + 7 - 9.
-3
(-43 - -49) + -5 + 10 + -9
2
What is -10 + -6 - ((-1 - 0) + 1)?
-16
-1260 + 1275 - (-1 - 5)
21
What is 5 + 2 - (-23 - (-22 + 2) - 0)?
10
(29 + -11 - 32) + -1 + 14
-1
What is 14 + -11 - 10 - -12?
5
What is the value of -3 + 0 - (10 + -9 - -3)?
-7
8 + 5 + (-1 - -1) + (18 - 21)
10
Evaluate 5 - -37 - (63 - 40).
19
What is the value of 8 - (0 - -3 - (3 - (5 + -7)))?
10
Evaluate -15 + 0 + -1 + (-21 - -13).
-24
What is the value of 14 - (14 - ((-18 - -36) + -20))?
-2
What is -18 + (4 + -14 - (20 - 35))?
-13
Calculate 7 + 2 + -2 + 9 + -7.
9
Evaluate 13 + 11 + (-28 - -12).
8
Evaluate -31 - (1 + 35 + -32).
-35
-96 + 108 + (0 - 7) + (1 - -3)
9
-26 + 10 + 37 + -41
-20
What is (2 - -1) + (-9 + -4 - -21) + 16?
27
What is the value of 5 + 0 + -2 + (23 - 14)?
12
What is the value of 4 + -21 + 1 - (-4 + -3)?
-9
What is -1 + 14 + 0 + -4 + -20?
-11
What is the value of 5 + -40 + 20 - (12 - 1)?
-26
What is the value of (-10 - -2) + (9 + -13 - (-18 - -8))?
-2
What is 0 - (-6 - 8 - 1)?
15
Evaluate 1 + -3 - (5 + (-8 - (-3 - 1))).
-3
What is -26 - (-6 - 36) - 24?
-8
Evaluate 7 + -28 + -7 + -69 + 68.
-29
Evaluate 12 - ((-49 - -37) + 28).
-4
What is -21 + (-11 - -16) + 15?
-1
What is the value of 21 - (12 + (2 - 2 - -2))?
7
Evaluate (14 - 0) + 3 + (-15 + 4 - -4).
10
-24 + 37 - (12 - 11) - 1
11
-9 + 18 + -6 + 6
9
What is the value of -28 + -4 + 12 + 35?
15
What is 7 - (13 - (4 - -3))?
1
6 - (-1 + -12 - -21 - -1)
-3
Evaluate -4 - (5 + 1) - (-10 + 9).
-9
Evaluate -12 + 0 - -16 - ((-3 - -2) + 8).
-3
Evaluate 26 - 14 - (-36 - -34 - (-2 + -24)).
-12
Calculate 55 + -57 + 12 + -2 - -2.
10
What is -23 - 8 - (-13 - -14)?
-32
Calculate (-5 - 16 - -1) + 17.
-3
What is the value of 15 + -1 - (-15 - (-63 - -47))?
13
What is -18 + 11 + 10 + 5 - 3?
5
What is -2 + 3 + 0 + 3 + 2?
6
What is the value of -1 + 0 + (5 - 4) + 3?
3
(-258 - -285) + -32 + -1
-6
What is 2 - -1 - (9 - (-7 + 16 + -1))?
2
25 + -36 + 9 + (-1 + 2 - -21)
20
Calculate (6 - 19) + -5 + 22 - (-1 - 0).
5
-3 + (-7 + -3 - -29) - (-1 + 1)
16
Evaluate -6 + (7 - (28 - 4)).
-23
Calculate -1 - (-3 - (0 - 3)) - (20 + -28).
7
What is -17 + 2 + 6 + -5?
-14
What is (13 - 0) + 1 + 1 + 2 + -5?
12
-23 - -15 - -3 - 30
-35
Calculate (7 - -16) + 45 + -58.
10
What is 0 - (-4 + -2) - 4 - (18 - -4)?
-20
Evaluate 7 - ((0 - -5 - 5) + 0).
7
What is the value of 31 + (26 + -1 - 25)?
31
Calculate 19 + -15 + -8 + (-10 - 3).
-17
(1 - -1) + (-38 - -25) - -36
25
Calculate -38 - (-85 - (14 - 56)).
5
Calculate (78 - 95) + (2 - -18).
3
What is the value of -17 - (-22 - (-7 - 6))?
-8
What is the value of 3 - (0 - -2) - (2 - -1) - 9?
-11
(3 - -7